{"id":918,"date":"2024-08-14T12:37:02","date_gmt":"2024-08-14T12:37:02","guid":{"rendered":"https:\/\/www.centrocuscinetti.it\/?page_id=918"},"modified":"2025-03-14T12:43:57","modified_gmt":"2025-03-14T12:43:57","slug":"chi-siamo","status":"publish","type":"page","link":"https:\/\/www.centrocuscinetti.it\/index.php\/chi-siamo\/","title":{"rendered":"Chi siamo"},"content":{"rendered":"\t\t<div data-elementor-type=\"wp-page\" data-elementor-id=\"918\" class=\"elementor elementor-918\" data-elementor-post-type=\"page\">\n\t\t\t\t<div class=\"elementor-element elementor-element-5ed606f e-con-full e-flex e-con e-parent\" data-id=\"5ed606f\" data-element_type=\"container\" data-e-type=\"container\">\n\t\t<div class=\"elementor-element elementor-element-6a43b1c e-flex e-con-boxed e-con e-child\" data-id=\"6a43b1c\" data-element_type=\"container\" data-e-type=\"container\" data-settings=\"{&quot;background_background&quot;:&quot;classic&quot;}\">\n\t\t\t\t\t<div class=\"e-con-inner\">\n\t\t<div class=\"elementor-element elementor-element-dbfd10e e-con-full e-flex e-con e-child\" data-id=\"dbfd10e\" data-element_type=\"container\" data-e-type=\"container\">\n\t\t\t\t<div class=\"elementor-element elementor-element-4a8b0f5 elementor-widget elementor-widget-image\" data-id=\"4a8b0f5\" data-element_type=\"widget\" data-e-type=\"widget\" data-widget_type=\"image.default\">\n\t\t\t\t<div class=\"elementor-widget-container\">\n\t\t\t\t\t\t\t\t\t\t\t\t\t\t\t<img fetchpriority=\"high\" decoding=\"async\" width=\"800\" height=\"800\" src=\"http:\/\/www.centrocuscinetti.it\/wp-content\/uploads\/2024\/08\/Risorsa-23@2x.png\" class=\"attachment-large size-large wp-image-921\" alt=\"\" srcset=\"http:\/\/www.centrocuscinetti.it\/wp-content\/uploads\/2024\/08\/Risorsa-23@2x.png 1000w, http:\/\/www.centrocuscinetti.it\/wp-content\/uploads\/2024\/08\/Risorsa-23@2x-300x300.png 300w, http:\/\/www.centrocuscinetti.it\/wp-content\/uploads\/2024\/08\/Risorsa-23@2x-150x150.png 150w, http:\/\/www.centrocuscinetti.it\/wp-content\/uploads\/2024\/08\/Risorsa-23@2x-768x768.png 768w, http:\/\/www.centrocuscinetti.it\/wp-content\/uploads\/2024\/08\/Risorsa-23@2x-700x700.png 700w, http:\/\/www.centrocuscinetti.it\/wp-content\/uploads\/2024\/08\/Risorsa-23@2x-650x650.png 650w\" sizes=\"(max-width: 800px) 100vw, 800px\" \/>\t\t\t\t\t\t\t\t\t\t\t\t\t\t\t<\/div>\n\t\t\t\t<\/div>\n\t\t\t\t<\/div>\n\t\t<div class=\"elementor-element elementor-element-4d8b641 e-con-full e-flex e-con e-child\" data-id=\"4d8b641\" data-element_type=\"container\" data-e-type=\"container\">\n\t\t\t\t<div class=\"elementor-element elementor-element-90950fc elementor-widget elementor-widget-heading\" data-id=\"90950fc\" data-element_type=\"widget\" data-e-type=\"widget\" data-widget_type=\"heading.default\">\n\t\t\t\t<div class=\"elementor-widget-container\">\n\t\t\t\t\t<h2 class=\"elementor-heading-title elementor-size-default\">NEL 1992, RODOLFO PONTE HA RILEVATO UN'AZIENDA CHIAMATA CENTRO CUSCINETTI, <\/h2>\t\t\t\t<\/div>\n\t\t\t\t<\/div>\n\t\t\t\t<div class=\"elementor-element elementor-element-22415ec elementor-widget elementor-widget-heading\" data-id=\"22415ec\" data-element_type=\"widget\" data-e-type=\"widget\" data-widget_type=\"heading.default\">\n\t\t\t\t<div class=\"elementor-widget-container\">\n\t\t\t\t\t<h2 class=\"elementor-heading-title elementor-size-default\">DANDO INIZIO ALLA \nSUA AVVENTURA IMPRENDITORIALE.<\/h2>\t\t\t\t<\/div>\n\t\t\t\t<\/div>\n\t\t\t\t<\/div>\n\t\t\t\t\t<\/div>\n\t\t\t\t<\/div>\n\t\t\t\t<\/div>\n\t\t<div class=\"elementor-element elementor-element-153713d e-flex e-con-boxed e-con e-parent\" data-id=\"153713d\" data-element_type=\"container\" data-e-type=\"container\">\n\t\t\t\t\t<div class=\"e-con-inner\">\n\t\t\t\t<div class=\"elementor-element elementor-element-5de8f4b elementor-widget elementor-widget-heading\" data-id=\"5de8f4b\" data-element_type=\"widget\" data-e-type=\"widget\" data-widget_type=\"heading.default\">\n\t\t\t\t<div class=\"elementor-widget-container\">\n\t\t\t\t\t<h2 class=\"elementor-heading-title elementor-size-default\">Con determinazione e visione, \n\n<\/h2>\t\t\t\t<\/div>\n\t\t\t\t<\/div>\n\t\t\t\t<div class=\"elementor-element elementor-element-a295a4d elementor-widget elementor-widget-text-editor\" data-id=\"a295a4d\" data-element_type=\"widget\" data-e-type=\"widget\" data-widget_type=\"text-editor.default\">\n\t\t\t\t<div class=\"elementor-widget-container\">\n\t\t\t\t\t\t\t\t\t<p>Ponte ha trasformato l&#8217;azienda in un&#8217;importante realt\u00e0 nel settore della commercializzazione di parti di ricambio per l&#8217;industria, collaborando con numerosi e prestigiosi marchi.<\/p>\t\t\t\t\t\t\t\t<\/div>\n\t\t\t\t<\/div>\n\t\t\t\t\t<\/div>\n\t\t\t\t<\/div>\n\t\t<div class=\"elementor-element elementor-element-ca22f29 e-con-full e-flex e-con e-parent\" data-id=\"ca22f29\" data-element_type=\"container\" data-e-type=\"container\">\n\t\t<div class=\"elementor-element elementor-element-7719d9e e-flex e-con-boxed e-con e-child\" data-id=\"7719d9e\" data-element_type=\"container\" data-e-type=\"container\" data-settings=\"{&quot;background_background&quot;:&quot;classic&quot;}\">\n\t\t\t\t\t<div class=\"e-con-inner\">\n\t\t<div class=\"elementor-element elementor-element-7e2ab44 e-con-full e-flex e-con e-child\" data-id=\"7e2ab44\" data-element_type=\"container\" data-e-type=\"container\">\n\t\t\t\t<div class=\"elementor-element elementor-element-8977c79 elementor-widget elementor-widget-heading\" data-id=\"8977c79\" data-element_type=\"widget\" data-e-type=\"widget\" data-widget_type=\"heading.default\">\n\t\t\t\t<div class=\"elementor-widget-container\">\n\t\t\t\t\t<h2 class=\"elementor-heading-title elementor-size-default\">La filosofia\n<\/h2>\t\t\t\t<\/div>\n\t\t\t\t<\/div>\n\t\t\t\t<div class=\"elementor-element elementor-element-ef2862e elementor-widget elementor-widget-text-editor\" data-id=\"ef2862e\" data-element_type=\"widget\" data-e-type=\"widget\" data-widget_type=\"text-editor.default\">\n\t\t\t\t<div class=\"elementor-widget-container\">\n\t\t\t\t\t\t\t\t\t<p>di sviluppo imprenditoriale di Rodolfo Ponte si \u00e8 basata sulla scelta di mantenere una dimensione contenuta, permettendo all&#8217;azienda di restare agile e competitiva nel mercato. Questa strategia ha consentito a Centro Cuscinetti di coltivare l&#8217;aspetto relazionale, elemento distintivo che ha contribuito al suo successo.<\/p>\t\t\t\t\t\t\t\t<\/div>\n\t\t\t\t<\/div>\n\t\t\t\t<\/div>\n\t\t<div class=\"elementor-element elementor-element-1b9aaf4 e-con-full e-flex e-con e-child\" data-id=\"1b9aaf4\" data-element_type=\"container\" data-e-type=\"container\">\n\t\t\t\t<div class=\"elementor-element elementor-element-448c785 elementor-widget elementor-widget-image\" data-id=\"448c785\" data-element_type=\"widget\" data-e-type=\"widget\" data-widget_type=\"image.default\">\n\t\t\t\t<div class=\"elementor-widget-container\">\n\t\t\t\t\t\t\t\t\t\t\t\t\t\t\t<img decoding=\"async\" width=\"787\" height=\"926\" src=\"http:\/\/www.centrocuscinetti.it\/wp-content\/uploads\/2024\/08\/Risorsa-24@2x.png\" class=\"attachment-large size-large wp-image-925\" alt=\"\" srcset=\"http:\/\/www.centrocuscinetti.it\/wp-content\/uploads\/2024\/08\/Risorsa-24@2x.png 787w, http:\/\/www.centrocuscinetti.it\/wp-content\/uploads\/2024\/08\/Risorsa-24@2x-255x300.png 255w, http:\/\/www.centrocuscinetti.it\/wp-content\/uploads\/2024\/08\/Risorsa-24@2x-768x904.png 768w\" sizes=\"(max-width: 787px) 100vw, 787px\" \/>\t\t\t\t\t\t\t\t\t\t\t\t\t\t\t<\/div>\n\t\t\t\t<\/div>\n\t\t\t\t<\/div>\n\t\t\t\t\t<\/div>\n\t\t\t\t<\/div>\n\t\t\t\t<\/div>\n\t\t<div class=\"elementor-element elementor-element-c726dd2 e-con-full e-flex e-con e-parent\" data-id=\"c726dd2\" data-element_type=\"container\" data-e-type=\"container\">\n\t\t<div class=\"elementor-element elementor-element-876e370 e-flex e-con-boxed e-con e-child\" data-id=\"876e370\" data-element_type=\"container\" data-e-type=\"container\" data-settings=\"{&quot;background_background&quot;:&quot;classic&quot;}\">\n\t\t\t\t\t<div class=\"e-con-inner\">\n\t\t<div class=\"elementor-element elementor-element-74fa535 e-con-full e-flex e-con e-child\" data-id=\"74fa535\" data-element_type=\"container\" data-e-type=\"container\">\n\t\t\t\t<div class=\"elementor-element elementor-element-aacca69 elementor-widget elementor-widget-image\" data-id=\"aacca69\" data-element_type=\"widget\" data-e-type=\"widget\" data-widget_type=\"image.default\">\n\t\t\t\t<div class=\"elementor-widget-container\">\n\t\t\t\t\t\t\t\t\t\t\t\t\t\t\t<img decoding=\"async\" width=\"751\" height=\"530\" src=\"http:\/\/www.centrocuscinetti.it\/wp-content\/uploads\/2024\/08\/Risorsa-25@2x.png\" class=\"attachment-large size-large wp-image-926\" alt=\"\" srcset=\"http:\/\/www.centrocuscinetti.it\/wp-content\/uploads\/2024\/08\/Risorsa-25@2x.png 751w, http:\/\/www.centrocuscinetti.it\/wp-content\/uploads\/2024\/08\/Risorsa-25@2x-300x212.png 300w\" sizes=\"(max-width: 751px) 100vw, 751px\" \/>\t\t\t\t\t\t\t\t\t\t\t\t\t\t\t<\/div>\n\t\t\t\t<\/div>\n\t\t\t\t<\/div>\n\t\t<div class=\"elementor-element elementor-element-bdf235f e-con-full e-flex e-con e-child\" data-id=\"bdf235f\" data-element_type=\"container\" data-e-type=\"container\">\n\t\t\t\t<div class=\"elementor-element elementor-element-49e650e elementor-widget elementor-widget-heading\" data-id=\"49e650e\" data-element_type=\"widget\" data-e-type=\"widget\" data-widget_type=\"heading.default\">\n\t\t\t\t<div class=\"elementor-widget-container\">\n\t\t\t\t\t<h2 class=\"elementor-heading-title elementor-size-default\">Oggi,<\/h2>\t\t\t\t<\/div>\n\t\t\t\t<\/div>\n\t\t\t\t<div class=\"elementor-element elementor-element-912f24c elementor-widget elementor-widget-text-editor\" data-id=\"912f24c\" data-element_type=\"widget\" data-e-type=\"widget\" data-widget_type=\"text-editor.default\">\n\t\t\t\t<div class=\"elementor-widget-container\">\n\t\t\t\t\t\t\t\t\t<p>pur mantenendo le solide fondamenta costruite negli anni, l&#8217;azienda sta integrando nuove figure professionali per continuare a essere scattante e competitiva. <br>Rodolfo Ponte \u00e8 convinto che, come nella storia di Davide contro Golia, una struttura pi\u00f9 snella e flessibile pu\u00f2 rivelarsi il miglior combattente nel contesto imprenditoriale odierno.<\/p>\t\t\t\t\t\t\t\t<\/div>\n\t\t\t\t<\/div>\n\t\t\t\t<\/div>\n\t\t\t\t\t<\/div>\n\t\t\t\t<\/div>\n\t\t\t\t<\/div>\n\t\t\t\t<\/div>\n\t\t","protected":false},"excerpt":{"rendered":"<p>NEL 1992, RODOLFO PONTE HA RILEVATO UN&#8217;AZIENDA CHIAMATA CENTRO CUSCINETTI, DANDO INIZIO ALLA SUA AVVENTURA IMPRENDITORIALE. Con determinazione e visione, Ponte ha trasformato l&#8217;azienda in un&#8217;importante realt\u00e0 nel settore della commercializzazione di parti di ricambio per l&#8217;industria, collaborando con numerosi e prestigiosi marchi. La filosofia di sviluppo imprenditoriale di Rodolfo Ponte si \u00e8 basata sulla [&hellip;]<\/p>\n","protected":false},"author":1,"featured_media":0,"parent":0,"menu_order":0,"comment_status":"closed","ping_status":"closed","template":"elementor_header_footer","meta":{"footnotes":""},"class_list":["post-918","page","type-page","status-publish","hentry"],"_links":{"self":[{"href":"https:\/\/www.centrocuscinetti.it\/index.php\/wp-json\/wp\/v2\/pages\/918","targetHints":{"allow":["GET"]}}],"collection":[{"href":"https:\/\/www.centrocuscinetti.it\/index.php\/wp-json\/wp\/v2\/pages"}],"about":[{"href":"https:\/\/www.centrocuscinetti.it\/index.php\/wp-json\/wp\/v2\/types\/page"}],"author":[{"embeddable":true,"href":"https:\/\/www.centrocuscinetti.it\/index.php\/wp-json\/wp\/v2\/users\/1"}],"replies":[{"embeddable":true,"href":"https:\/\/www.centrocuscinetti.it\/index.php\/wp-json\/wp\/v2\/comments?post=918"}],"version-history":[{"count":16,"href":"https:\/\/www.centrocuscinetti.it\/index.php\/wp-json\/wp\/v2\/pages\/918\/revisions"}],"predecessor-version":[{"id":1166,"href":"https:\/\/www.centrocuscinetti.it\/index.php\/wp-json\/wp\/v2\/pages\/918\/revisions\/1166"}],"wp:attachment":[{"href":"https:\/\/www.centrocuscinetti.it\/index.php\/wp-json\/wp\/v2\/media?parent=918"}],"curies":[{"name":"wp","href":"https:\/\/api.w.org\/{rel}","templated":true}]}}